{"id":257,"date":"2017-03-19T17:59:51","date_gmt":"2017-03-19T16:59:51","guid":{"rendered":"http:\/\/www.stineseele.de\/?page_id=257"},"modified":"2017-10-24T21:57:14","modified_gmt":"2017-10-24T19:57:14","slug":"deutsche-rentenversicherung","status":"publish","type":"page","link":"https:\/\/www.stineseele.de\/steuerberatung\/deutsche-rentenversicherung\/","title":{"rendered":"DEUTSCHE RENTENVERSICHERUNGSANSTALT"},"content":{"rendered":"<div id=\"su_slider_69d6e257667b8\" class=\"su-slider su-slider-centered su-slider-pages-yes su-slider-responsive-yes\" style=\"width:100%\" data-autoplay=\"3000\" data-speed=\"600\" data-mousewheel=\"true\"><div class=\"su-slider-slides\"><div class=\"su-slider-slide\"><a><img data-recalc-dims=\"1\" height=\"300\" width=\"600\" decoding=\"async\" src=\"https:\/\/i0.wp.com\/www.stineseele.de\/wp-content\/uploads\/2017\/03\/20100115_12.jpg?resize=600%2C300&#038;ssl=1\" alt=\"Deutsche Rentenversicherung\" \/><span class=\"su-slider-slide-title\">Deutsche Rentenversicherung<\/span><\/a><\/div><div class=\"su-slider-slide\"><a><img data-recalc-dims=\"1\" height=\"300\" width=\"600\" decoding=\"async\" src=\"https:\/\/i0.wp.com\/www.stineseele.de\/wp-content\/uploads\/2017\/03\/20100115_11.jpg?resize=600%2C300&#038;ssl=1\" alt=\"Deutsche Rentenversicherung\" \/><span class=\"su-slider-slide-title\">Deutsche Rentenversicherung<\/span><\/a><\/div><div class=\"su-slider-slide\"><a><img data-recalc-dims=\"1\" height=\"300\" width=\"600\" decoding=\"async\" src=\"https:\/\/i0.wp.com\/www.stineseele.de\/wp-content\/uploads\/2017\/03\/20100115_10.jpg?resize=600%2C300&#038;ssl=1\" alt=\"Deutsche Rentenversicherung\" \/><span class=\"su-slider-slide-title\">Deutsche Rentenversicherung<\/span><\/a><\/div><div class=\"su-slider-slide\"><a><img data-recalc-dims=\"1\" height=\"300\" width=\"600\" decoding=\"async\" src=\"https:\/\/i0.wp.com\/www.stineseele.de\/wp-content\/uploads\/2017\/03\/20100115_09.jpg?resize=600%2C300&#038;ssl=1\" alt=\"Deutsche Rentenversicherung\" \/><span class=\"su-slider-slide-title\">Deutsche Rentenversicherung<\/span><\/a><\/div><div class=\"su-slider-slide\"><a><img data-recalc-dims=\"1\" height=\"300\" width=\"600\" decoding=\"async\" src=\"https:\/\/i0.wp.com\/www.stineseele.de\/wp-content\/uploads\/2017\/03\/20100115_08.jpg?resize=600%2C300&#038;ssl=1\" alt=\"Deutsche Rentenversicherung\" \/><span class=\"su-slider-slide-title\">Deutsche Rentenversicherung<\/span><\/a><\/div><div class=\"su-slider-slide\"><a><img data-recalc-dims=\"1\" height=\"300\" width=\"600\" decoding=\"async\" src=\"https:\/\/i0.wp.com\/www.stineseele.de\/wp-content\/uploads\/2017\/03\/20100115_07.jpg?resize=600%2C300&#038;ssl=1\" alt=\"Deutsche Rentenversicherung\" \/><span class=\"su-slider-slide-title\">Deutsche Rentenversicherung<\/span><\/a><\/div><div class=\"su-slider-slide\"><a><img data-recalc-dims=\"1\" height=\"300\" width=\"600\" decoding=\"async\" src=\"https:\/\/i0.wp.com\/www.stineseele.de\/wp-content\/uploads\/2017\/03\/20100115_06.jpg?resize=600%2C300&#038;ssl=1\" alt=\"Deutsche Rentenversicherung\" \/><span class=\"su-slider-slide-title\">Deutsche Rentenversicherung<\/span><\/a><\/div><div class=\"su-slider-slide\"><a><img data-recalc-dims=\"1\" height=\"300\" width=\"600\" decoding=\"async\" src=\"https:\/\/i0.wp.com\/www.stineseele.de\/wp-content\/uploads\/2017\/03\/20100115_05.jpg?resize=600%2C300&#038;ssl=1\" alt=\"Deutsche Rentenversicherung\" \/><span class=\"su-slider-slide-title\">Deutsche Rentenversicherung<\/span><\/a><\/div><div class=\"su-slider-slide\"><a><img data-recalc-dims=\"1\" height=\"300\" width=\"600\" decoding=\"async\" src=\"https:\/\/i0.wp.com\/www.stineseele.de\/wp-content\/uploads\/2017\/03\/20100115_01.jpg?resize=600%2C300&#038;ssl=1\" alt=\"Deutsche Rentenversicherung\" \/><span class=\"su-slider-slide-title\">Deutsche Rentenversicherung<\/span><\/a><\/div><div class=\"su-slider-slide\"><a><img data-recalc-dims=\"1\" height=\"300\" width=\"600\" decoding=\"async\" src=\"https:\/\/i0.wp.com\/www.stineseele.de\/wp-content\/uploads\/2017\/03\/20100115_02.jpg?resize=600%2C300&#038;ssl=1\" alt=\"Deutsche Rentenversicherung\" \/><span class=\"su-slider-slide-title\">Deutsche Rentenversicherung<\/span><\/a><\/div><div class=\"su-slider-slide\"><a><img data-recalc-dims=\"1\" height=\"300\" width=\"600\" decoding=\"async\" src=\"https:\/\/i0.wp.com\/www.stineseele.de\/wp-content\/uploads\/2017\/03\/20100115_03.jpg?resize=600%2C300&#038;ssl=1\" alt=\"Deutsche Rentenversicherung\" \/><span class=\"su-slider-slide-title\">Deutsche Rentenversicherung<\/span><\/a><\/div><div class=\"su-slider-slide\"><a><img data-recalc-dims=\"1\" height=\"300\" width=\"600\" decoding=\"async\" src=\"https:\/\/i0.wp.com\/www.stineseele.de\/wp-content\/uploads\/2017\/03\/20100115_04.jpg?resize=600%2C300&#038;ssl=1\" alt=\"Deutsche Rentenversicherung\" \/><span class=\"su-slider-slide-title\">Deutsche Rentenversicherung<\/span><\/a><\/div><\/div><div class=\"su-slider-nav\"><div class=\"su-slider-direction\"><span class=\"su-slider-prev\"><\/span><span class=\"su-slider-next\"><\/span><\/div><div class=\"su-slider-pagination\"><\/div><\/div><\/div>\n<p>Ausstellung in der Rentenversicherungsanstalt in Hannover-Laatzen im Januar und Februar 2010<\/p>\n<p>Mehr Informationen zu Ausstellungen und Bildern finden Sie\u00a0<a href=\"http:\/\/www.stines-galerie.de\">hier<\/a>.<\/p>\n<p><a href=\"http:\/\/www.stines-galerie.de\/\">http:\/\/www.stines-galerie.de\/<\/a><\/p>\n","protected":false},"excerpt":{"rendered":"<p>Ausstellung in der Rentenversicherungsanstalt in Hannover-Laatzen im Januar und Februar 2010 Mehr Informationen zu Ausstellungen und Bildern finden Sie\u00a0hier. http:\/\/www.stines-galerie.de\/<\/p>\n","protected":false},"author":2,"featured_media":0,"parent":0,"menu_order":0,"comment_status":"closed","ping_status":"closed","template":"page-templates\/full-width.php","meta":{"jetpack_post_was_ever_published":false,"footnotes":""},"class_list":["post-257","page","type-page","status-publish","hentry"],"yoast_head":"<!-- This site is optimized with the Yoast SEO plugin v27.3 - https:\/\/yoast.com\/product\/yoast-seo-wordpress\/ -->\n<title>DEUTSCHE RENTENVERSICHERUNGSANSTALT - Stine Seele<\/title>\n<meta name=\"description\" content=\"Ausstellung &quot;Der Weg ist das Ziel&quot; in der Deutschen Rentenversicherung im Januar und Februar 2010\" \/>\n<meta name=\"robots\" content=\"index, follow, max-snippet:-1, max-image-preview:large, max-video-preview:-1\" \/>\n<link rel=\"canonical\" href=\"https:\/\/www.stineseele.de\/steuerberatung\/deutsche-rentenversicherung\/\" \/>\n<meta property=\"og:locale\" content=\"de_DE\" \/>\n<meta property=\"og:type\" content=\"article\" \/>\n<meta property=\"og:title\" content=\"DEUTSCHE RENTENVERSICHERUNGSANSTALT - Stine Seele\" \/>\n<meta property=\"og:description\" content=\"Ausstellung &quot;Der Weg ist das Ziel&quot; in der Deutschen Rentenversicherung im Januar und Februar 2010\" \/>\n<meta property=\"og:url\" content=\"https:\/\/www.stineseele.de\/steuerberatung\/deutsche-rentenversicherung\/\" \/>\n<meta property=\"og:site_name\" content=\"Stine Seele\" \/>\n<meta property=\"article:modified_time\" content=\"2017-10-24T19:57:14+00:00\" \/>\n<meta name=\"twitter:card\" content=\"summary_large_image\" \/>\n<meta name=\"twitter:site\" content=\"@stineseele\" \/>\n<script type=\"application\/ld+json\" class=\"yoast-schema-graph\">{\"@context\":\"https:\\\/\\\/schema.org\",\"@graph\":[{\"@type\":\"WebPage\",\"@id\":\"https:\\\/\\\/www.stineseele.de\\\/steuerberatung\\\/deutsche-rentenversicherung\\\/\",\"url\":\"https:\\\/\\\/www.stineseele.de\\\/steuerberatung\\\/deutsche-rentenversicherung\\\/\",\"name\":\"DEUTSCHE RENTENVERSICHERUNGSANSTALT - Stine Seele\",\"isPartOf\":{\"@id\":\"https:\\\/\\\/www.stineseele.de\\\/steuerberatung\\\/#website\"},\"datePublished\":\"2017-03-19T16:59:51+00:00\",\"dateModified\":\"2017-10-24T19:57:14+00:00\",\"description\":\"Ausstellung \\\"Der Weg ist das Ziel\\\" in der Deutschen Rentenversicherung im Januar und Februar 2010\",\"breadcrumb\":{\"@id\":\"https:\\\/\\\/www.stineseele.de\\\/steuerberatung\\\/deutsche-rentenversicherung\\\/#breadcrumb\"},\"inLanguage\":\"de\",\"potentialAction\":[{\"@type\":\"ReadAction\",\"target\":[\"https:\\\/\\\/www.stineseele.de\\\/steuerberatung\\\/deutsche-rentenversicherung\\\/\"]}]},{\"@type\":\"BreadcrumbList\",\"@id\":\"https:\\\/\\\/www.stineseele.de\\\/steuerberatung\\\/deutsche-rentenversicherung\\\/#breadcrumb\",\"itemListElement\":[{\"@type\":\"ListItem\",\"position\":1,\"name\":\"Startseite\",\"item\":\"https:\\\/\\\/www.stineseele.de\\\/steuerberatung\\\/\"},{\"@type\":\"ListItem\",\"position\":2,\"name\":\"DEUTSCHE RENTENVERSICHERUNGSANSTALT\"}]},{\"@type\":\"WebSite\",\"@id\":\"https:\\\/\\\/www.stineseele.de\\\/steuerberatung\\\/#website\",\"url\":\"https:\\\/\\\/www.stineseele.de\\\/steuerberatung\\\/\",\"name\":\"Stine Seele\",\"description\":\"Ich gestalte, also bin ich.\",\"publisher\":{\"@id\":\"https:\\\/\\\/www.stineseele.de\\\/steuerberatung\\\/#\\\/schema\\\/person\\\/df30d70fe16387b70c8f8462d28c6025\"},\"potentialAction\":[{\"@type\":\"SearchAction\",\"target\":{\"@type\":\"EntryPoint\",\"urlTemplate\":\"https:\\\/\\\/www.stineseele.de\\\/steuerberatung\\\/?s={search_term_string}\"},\"query-input\":{\"@type\":\"PropertyValueSpecification\",\"valueRequired\":true,\"valueName\":\"search_term_string\"}}],\"inLanguage\":\"de\"},{\"@type\":[\"Person\",\"Organization\"],\"@id\":\"https:\\\/\\\/www.stineseele.de\\\/steuerberatung\\\/#\\\/schema\\\/person\\\/df30d70fe16387b70c8f8462d28c6025\",\"name\":\"Stine Seele\",\"image\":{\"@type\":\"ImageObject\",\"inLanguage\":\"de\",\"@id\":\"https:\\\/\\\/www.stineseele.de\\\/wp-content\\\/uploads\\\/2016\\\/08\\\/Galvatarfoto-Kopie-4-902x1024.jpg\",\"url\":\"https:\\\/\\\/www.stineseele.de\\\/wp-content\\\/uploads\\\/2016\\\/08\\\/Galvatarfoto-Kopie-4-902x1024.jpg\",\"contentUrl\":\"https:\\\/\\\/www.stineseele.de\\\/wp-content\\\/uploads\\\/2016\\\/08\\\/Galvatarfoto-Kopie-4-902x1024.jpg\",\"width\":902,\"height\":1024,\"caption\":\"Stine Seele\"},\"logo\":{\"@id\":\"https:\\\/\\\/www.stineseele.de\\\/wp-content\\\/uploads\\\/2016\\\/08\\\/Galvatarfoto-Kopie-4-902x1024.jpg\"}}]}<\/script>\n<!-- \/ Yoast SEO plugin. -->","yoast_head_json":{"title":"DEUTSCHE RENTENVERSICHERUNGSANSTALT - Stine Seele","description":"Ausstellung \"Der Weg ist das Ziel\" in der Deutschen Rentenversicherung im Januar und Februar 2010","robots":{"index":"index","follow":"follow","max-snippet":"max-snippet:-1","max-image-preview":"max-image-preview:large","max-video-preview":"max-video-preview:-1"},"canonical":"https:\/\/www.stineseele.de\/steuerberatung\/deutsche-rentenversicherung\/","og_locale":"de_DE","og_type":"article","og_title":"DEUTSCHE RENTENVERSICHERUNGSANSTALT - Stine Seele","og_description":"Ausstellung \"Der Weg ist das Ziel\" in der Deutschen Rentenversicherung im Januar und Februar 2010","og_url":"https:\/\/www.stineseele.de\/steuerberatung\/deutsche-rentenversicherung\/","og_site_name":"Stine Seele","article_modified_time":"2017-10-24T19:57:14+00:00","twitter_card":"summary_large_image","twitter_site":"@stineseele","schema":{"@context":"https:\/\/schema.org","@graph":[{"@type":"WebPage","@id":"https:\/\/www.stineseele.de\/steuerberatung\/deutsche-rentenversicherung\/","url":"https:\/\/www.stineseele.de\/steuerberatung\/deutsche-rentenversicherung\/","name":"DEUTSCHE RENTENVERSICHERUNGSANSTALT - Stine Seele","isPartOf":{"@id":"https:\/\/www.stineseele.de\/steuerberatung\/#website"},"datePublished":"2017-03-19T16:59:51+00:00","dateModified":"2017-10-24T19:57:14+00:00","description":"Ausstellung \"Der Weg ist das Ziel\" in der Deutschen Rentenversicherung im Januar und Februar 2010","breadcrumb":{"@id":"https:\/\/www.stineseele.de\/steuerberatung\/deutsche-rentenversicherung\/#breadcrumb"},"inLanguage":"de","potentialAction":[{"@type":"ReadAction","target":["https:\/\/www.stineseele.de\/steuerberatung\/deutsche-rentenversicherung\/"]}]},{"@type":"BreadcrumbList","@id":"https:\/\/www.stineseele.de\/steuerberatung\/deutsche-rentenversicherung\/#breadcrumb","itemListElement":[{"@type":"ListItem","position":1,"name":"Startseite","item":"https:\/\/www.stineseele.de\/steuerberatung\/"},{"@type":"ListItem","position":2,"name":"DEUTSCHE RENTENVERSICHERUNGSANSTALT"}]},{"@type":"WebSite","@id":"https:\/\/www.stineseele.de\/steuerberatung\/#website","url":"https:\/\/www.stineseele.de\/steuerberatung\/","name":"Stine Seele","description":"Ich gestalte, also bin ich.","publisher":{"@id":"https:\/\/www.stineseele.de\/steuerberatung\/#\/schema\/person\/df30d70fe16387b70c8f8462d28c6025"},"potentialAction":[{"@type":"SearchAction","target":{"@type":"EntryPoint","urlTemplate":"https:\/\/www.stineseele.de\/steuerberatung\/?s={search_term_string}"},"query-input":{"@type":"PropertyValueSpecification","valueRequired":true,"valueName":"search_term_string"}}],"inLanguage":"de"},{"@type":["Person","Organization"],"@id":"https:\/\/www.stineseele.de\/steuerberatung\/#\/schema\/person\/df30d70fe16387b70c8f8462d28c6025","name":"Stine Seele","image":{"@type":"ImageObject","inLanguage":"de","@id":"https:\/\/www.stineseele.de\/wp-content\/uploads\/2016\/08\/Galvatarfoto-Kopie-4-902x1024.jpg","url":"https:\/\/www.stineseele.de\/wp-content\/uploads\/2016\/08\/Galvatarfoto-Kopie-4-902x1024.jpg","contentUrl":"https:\/\/www.stineseele.de\/wp-content\/uploads\/2016\/08\/Galvatarfoto-Kopie-4-902x1024.jpg","width":902,"height":1024,"caption":"Stine Seele"},"logo":{"@id":"https:\/\/www.stineseele.de\/wp-content\/uploads\/2016\/08\/Galvatarfoto-Kopie-4-902x1024.jpg"}}]}},"jetpack_sharing_enabled":true,"jetpack_shortlink":"https:\/\/wp.me\/P7LoCY-49","jetpack-related-posts":[{"id":77,"url":"https:\/\/www.stineseele.de\/steuerberatung\/impressum\/","url_meta":{"origin":257,"position":0},"title":"IMPRESSUM","author":"Stine Seele","date":"5. August 2016","format":false,"excerpt":"Alexandra Bruns Schacht-Albert-Ring 1 30952 Ronnenberg Kontakt: Telefon: 01 52 - 54 11 85 00 E-Mail: kontakt@stineseele.de Haftungsausschluss (Disclaimer) Haftung f\u00fcr Inhalte Als\u00a0Diensteanbieter sind wir gem\u00e4\u00df \u00a7 7 Abs.1 TMG f\u00fcr eigene Inhalte auf diesen Seiten nach\u00a0den allgemeinen Gesetzen verantwortlich. Nach \u00a7\u00a7 8 bis 10 TMG sind wir als Diensteanbieter\u2026","rel":"","context":"\u00c4hnlicher Beitrag","block_context":{"text":"\u00c4hnlicher Beitrag","link":""},"img":{"alt_text":"","src":"","width":0,"height":0},"classes":[]},{"id":290,"url":"https:\/\/www.stineseele.de\/steuerberatung\/blog\/","url_meta":{"origin":257,"position":1},"title":"BLOG","author":"Stine Seele","date":"22. M\u00e4rz 2017","format":false,"excerpt":"HUSSE Neue Husse f\u00fcr die Bank: Endlich komme ich dazu, die neue Husse f\u00fcr den zweiten Teil der alten Eckbank zu zeigen. Mir hat das \"Mandala-H\u00e4keln\" sehr viel Spa\u00df bereitet. Die farbenfrohen Mandalas verleihen der Husse einen fr\u00f6hlichen \"Anstrich\" und wir erfreuen uns an der positiven Ausstrahlung der neuen Verkleidung.\u2026","rel":"","context":"\u00c4hnlicher Beitrag","block_context":{"text":"\u00c4hnlicher Beitrag","link":""},"img":{"alt_text":"Das Bild zeigt die Husse von vorne","src":"https:\/\/i0.wp.com\/www.stineseele.de\/wp-content\/uploads\/img_20190830_1623382041777492775380708-1024x810.jpg?resize=350%2C200","width":350,"height":200,"srcset":"https:\/\/i0.wp.com\/www.stineseele.de\/wp-content\/uploads\/img_20190830_1623382041777492775380708-1024x810.jpg?resize=350%2C200 1x, https:\/\/i0.wp.com\/www.stineseele.de\/wp-content\/uploads\/img_20190830_1623382041777492775380708-1024x810.jpg?resize=525%2C300 1.5x, https:\/\/i0.wp.com\/www.stineseele.de\/wp-content\/uploads\/img_20190830_1623382041777492775380708-1024x810.jpg?resize=700%2C400 2x"},"classes":[]},{"id":519,"url":"https:\/\/www.stineseele.de\/steuerberatung\/ausstellungen\/","url_meta":{"origin":257,"position":2},"title":"AUSSTELLUNGEN","author":"Stine Seele","date":"22. Oktober 2017","format":false,"excerpt":"SICHTBAR WERDEN - SICH DER WELT STELLEN - SEIN INNERSTES NACH AU\u00dfEN KEHREN - SICH ZEIGEN - KOMPROMISSLOS UND OHNE ANGST - EINFACH AUS SPA\u00df UND WEIL ES WUNDERVOLL IST, WENN FRAU RAUM EINNIMMT UND STELLUNG BEZIEHT. ES IST GANZ EINFACH. SCHAUEN SIE SELBST:","rel":"","context":"\u00c4hnlicher Beitrag","block_context":{"text":"\u00c4hnlicher Beitrag","link":""},"img":{"alt_text":"","src":"","width":0,"height":0},"classes":[]},{"id":1110,"url":"https:\/\/www.stineseele.de\/steuerberatung\/datenschutzerklaerung\/","url_meta":{"origin":257,"position":3},"title":"DATENSCHUTZERKL\u00c4RUNG","author":"Stine Seele","date":"9. August 2019","format":false,"excerpt":"Datenschutzerkl\u00e4rung 1. Datenschutz auf einen Blick Allgemeine Hinweise Die folgenden Hinweise geben einen einfachen \u00dcberblick dar\u00fcber, was mit Ihren personenbezogenen Daten passiert, wenn Sie unsere Website besuchen. Personenbezogene Daten sind alle Daten, mit denen Sie pers\u00f6nlich identifiziert werden k\u00f6nnen. Ausf\u00fchrliche Informationen zum Thema Datenschutz entnehmen Sie unserer unter diesem Text\u2026","rel":"","context":"\u00c4hnlicher Beitrag","block_context":{"text":"\u00c4hnlicher Beitrag","link":""},"img":{"alt_text":"","src":"","width":0,"height":0},"classes":[]},{"id":789,"url":"https:\/\/www.stineseele.de\/steuerberatung\/granny-square-sofa\/","url_meta":{"origin":257,"position":4},"title":"GRANNY-SQUARE-SOFA","author":"Stine Seele","date":"8. Dezember 2017","format":false,"excerpt":"MEINE OMA GAB MIR IMMER DAS GEF\u00dcHL BEDINGUNGSLOS GELIEBT ZU WERDEN: VERMUTLICH IST DAS DER GRUND, WARUM ICH -\u00a0GENAU WIE SIE VOR VIELEN JAHRZEHNTEN - DAS H\u00c4KELN F\u00dcR MICH (WIEDER-)ENTDECKTE. DAS ANFERTIGEN DER EINZELNEN SQUARES MACHT S\u00dcCHTIG UND SO WURDEN ES IMMER MEHR,... HIER K\u00d6NNEN SIE DEN ENTSTEHUNGSPROZESS VERFOLGEN: DAS\u2026","rel":"","context":"\u00c4hnlicher Beitrag","block_context":{"text":"\u00c4hnlicher Beitrag","link":""},"img":{"alt_text":"Granny-Squares f\u00fcr die kurze Sofaseite","src":"https:\/\/i0.wp.com\/www.stineseele.de\/wp-content\/uploads\/2017\/12\/IMG_20170702_124521.jpg?resize=350%2C200","width":350,"height":200,"srcset":"https:\/\/i0.wp.com\/www.stineseele.de\/wp-content\/uploads\/2017\/12\/IMG_20170702_124521.jpg?resize=350%2C200 1x, https:\/\/i0.wp.com\/www.stineseele.de\/wp-content\/uploads\/2017\/12\/IMG_20170702_124521.jpg?resize=525%2C300 1.5x, https:\/\/i0.wp.com\/www.stineseele.de\/wp-content\/uploads\/2017\/12\/IMG_20170702_124521.jpg?resize=700%2C400 2x, https:\/\/i0.wp.com\/www.stineseele.de\/wp-content\/uploads\/2017\/12\/IMG_20170702_124521.jpg?resize=1050%2C600 3x, https:\/\/i0.wp.com\/www.stineseele.de\/wp-content\/uploads\/2017\/12\/IMG_20170702_124521.jpg?resize=1400%2C800 4x"},"classes":[]},{"id":129,"url":"https:\/\/www.stineseele.de\/steuerberatung\/bistro-benthe\/","url_meta":{"origin":257,"position":5},"title":"BISTRO-BENTHE","author":"Stine Seele","date":"13. August 2016","format":false,"excerpt":"Ausstellung im \"Mein St\u00fcbchen\" - Bistro in Ronnenberg-Benthe im Juli und August 2015 Mehr Informationen zu Ausstellungen und Bildern unter http:\/\/www.stines-galerie.de \u00a0","rel":"","context":"\u00c4hnlicher Beitrag","block_context":{"text":"\u00c4hnlicher Beitrag","link":""},"img":{"alt_text":"","src":"","width":0,"height":0},"classes":[]}],"jetpack_likes_enabled":true,"_links":{"self":[{"href":"https:\/\/www.stineseele.de\/steuerberatung\/wp-json\/wp\/v2\/pages\/257","targetHints":{"allow":["GET"]}}],"collection":[{"href":"https:\/\/www.stineseele.de\/steuerberatung\/wp-json\/wp\/v2\/pages"}],"about":[{"href":"https:\/\/www.stineseele.de\/steuerberatung\/wp-json\/wp\/v2\/types\/page"}],"author":[{"embeddable":true,"href":"https:\/\/www.stineseele.de\/steuerberatung\/wp-json\/wp\/v2\/users\/2"}],"replies":[{"embeddable":true,"href":"https:\/\/www.stineseele.de\/steuerberatung\/wp-json\/wp\/v2\/comments?post=257"}],"version-history":[{"count":0,"href":"https:\/\/www.stineseele.de\/steuerberatung\/wp-json\/wp\/v2\/pages\/257\/revisions"}],"wp:attachment":[{"href":"https:\/\/www.stineseele.de\/steuerberatung\/wp-json\/wp\/v2\/media?parent=257"}],"curies":[{"name":"wp","href":"https:\/\/api.w.org\/{rel}","templated":true}]}}